uppose 6*g - 2*g + 48 = f, 5*g + 71 = 4*f. Let a = g - -16. Let m(d) = -d - 5. Give m(a).
-10
Let q(m) = -m**2 + m + 1. Let b(d) = 7*d**2 - 9*d - 4. Let k(z) = -b(z) - 6*q(z). Calculate k(2).
0
Let j(v) be the second derivative of 5*v**4/6 + v**2/2 + 7*v. Determine j(1).
11
Let k(g) = 2*g - 5. Let t = 56 + -49. Calculate k(t).
9
Suppose 14 = -3*n + 74. Let w be 2/(-8) + 85/n. Suppose 4*s - 4 = 2*j, 2*s = -w*j + 3*j + 2. Let y(g) = g**3 - g**2 + g - 4. Calculate y(j).
-4
Let x = 21 - 27. Let h(n) = -n**2 + 1 + 0*n**2 - 4 - 7*n. Calculate h(x).
3
Let b(g) = -g + 5. Let l(q) = 4. Let t(n) = 3*b(n) - 4*l(n). Determine t(-2).
5
Let t(j) = -2*j + 5 + 4*j**2 - j**2 - 1 - 4*j**2. What is t(3)?
-11
Let d = 5 - 2. Let k = -2 + 2. Suppose -d*i + k = 15. Let c(j) = -j**3 - 5*j**2 + 2*j + 6. Calculate c(i).
-4
Let q(b) = -5*b - 3. Let l(x) = 2*x**2 - 6*x - 9. Let r(g) = 3*g**2 - 5*g - 10. Let h(i) = -4*l(i) + 3*r(i). Let n be h(-8). What is q(n)?
7
Let g(l) be the first derivative of -l**2/2 + 2*l + 2. Suppose -h - 12 = -3*h. Give g(h).
-4
Let j(d) be the third derivative of d**2 + 0*d + 1/8*d**4 - 1/3*d**3 + 1/60*d**5 + 0. Calculate j(-3).
-2
Let p = 19 + -14. Suppose p*a + 6 - 11 = 0. Let w(g) = -6*g - 1. Calculate w(a).
-7
Suppose 4*x - 3*x + 4*h = -7, 2*h - 42 = -4*x. Suppose -x = -2*v - 3. Let y(j) = 4*j + 1. Let b(w) = 5*w + 2. Let t(g) = -3*b(g) + 4*y(g). Give t(v).
3
Suppose 8 = -3*r + 20. Let k(x) = 4*x + 17. Let h(f) = f + 4. Let p(g) = 18*h(g) - 4*k(g). Give p(r).
12
Let f be (-4)/(-5)*(-30)/(-12). Suppose f*m + n - 4 = -0*n, -n = 0. Let j(c) = -7*c - m*c**3 + 3*c**3 - 5 + 0*c**3 + 4*c**2. Determine j(-5).
5
Let s(y) be the second derivative of y**4/12 - y**3/6 - y**2 + y. Give s(-4).
18
Suppose 41 - 137 = -4*v - 4*u, -3*v + 3*u + 66 = 0. Let k = v + -19. Let b(i) = 2*i - 3. Give b(k).
5
Let d = 1 - 1. Let x = -5 + 10. Let q(f) = 0*f - f - 2 + x. Determine q(d).
3
Suppose 5*n = n - 24. Let r(f) = 2*f - 3. Calculate r(n).
-15
Let f(p) = 3*p**2 + p - 7. Suppose 7*b - 20 = 2*b. Let x(c) = c**2 + c - 1. Let a(l) = b*x(l) - f(l). Give a(-3).
3
Suppose 0 = k + 4*o + 6, -5*k - 5*o - 71 = -11. Let u be 4/k - 16/(-7). Let z(x) be the third derivative of -x**4/12 - x**3/6 + 2*x**2. Calculate z(u).
-5
Let b = -1 + 4. Let s(u) = 3*u - 3*u + 1 - 3*u - b*u**2 + 4*u**2. Calculate s(3).
1
Let s be (-90)/18 + 3/(-1). Let h(r) = r**3 + 9*r**2 + 9*r + 4. What is h(s)?
-4
Let b(m) = m**2 - 5*m - 5. Let v be b(5). Let u(r) be the second derivative of r**4/12 + 5*r**3/6 - 2*r**2 - 4*r. Calculate u(v).
-4
Suppose 4*z = -3*a + 20, 8 = 3*a + z - 15. Suppose 3*k + 2*p = -8, 3*k = -0*k + 2*p + a. Suppose -3 = j - k. Let m(g) = -g. Give m(j).
3
Let r = 26 + -30. Let y(k) = k + 3. Give y(r).
-1
Let r = -116 - -123. Let d(j) = -j + 2. Determine d(r).
-5
Let v(r) = -9 + 2*r - 3*r + 3*r. Give v(8).
7
Let x = -34 + 35. Let i(r) = -20*r. Calculate i(x).
-20
Suppose -s = 3*q, 0 = -0*q + 2*q - 4. Let d(n) = n + 7. Give d(s).
1
Let v(w) be the third derivative of 0*w + 0 + w**3 + 7/24*w**4 + 3*w**2 + 1/60*w**5. What is v(-5)?
-4
Let z(u) = 7*u**3 + 5*u**2 + 3*u - 13. Let g(a) = -13*a**3 - 10*a**2 - 5*a + 25. Let o(k) = -6*g(k) - 11*z(k). Give o(-5).
8
Let o(g) be the first derivative of -g**4/4 + 4*g**3/3 - 5*g + 1. Suppose -61 = -3*x - 5*a, 0 = -2*x - 0*x - 3*a + 39. Let z = -8 + x. Determine o(z).
-5
Let l(p) = -4 - 2 + 9*p + 5. Suppose -s - 2*h = 5 - 0, -5*s - 3*h - 4 = 0. Calculate l(s).
8
Suppose -3*c - 29 + 32 = 0. Let k be (-21)/(-6) - (-1)/(-2). Let i(h) = -1 - 2*h + 3*h - h**3 - 4*h**k. Give i(c).
-5
Let z be (6/(-27))/(10/(-15)). Let w(j) be the second derivative of 1/20*j**5 + 0 - z*j**4 - j - 5/2*j**2 + 0*j**3. Calculate w(4).
-5
Let d(f) be the second derivative of -f**3/6 - 7*f**2 - 19*f. Determine d(-6).
-8
Let o = 0 - 3. Let t(x) = -3*x + 2. Give t(o).
11
Let i(y) = y**2 - 3*y - 5. Let d(g) = -g**2 + 4*g + 5. Suppose 13 = 5*j - 2. Suppose -j*c = -7*c + 24. Let l(u) = c*d(u) + 7*i(u). Determine l(-5).
5
Let u = 41 + -35. Let m(h) = -h**3 + 7*h**2 - 4*h - 8. Calculate m(u).
4
Let k(v) = v**3 - v**2 - 5*v - 1. Let o(a) = a**3 - 5*a - 1. Let i(c) = 3*k(c) - 2*o(c). Suppose 3*m - 10 + 1 = 3*w, 3*m - 2*w = 10. Calculate i(m).
-5
Suppose 9 = r - 2*z - 1, 5*r = -3*z - 2. Suppose 0 = -5*w - 7 + 42. Let h(a) = 9*a + a - 5*a + 3 - w*a. Give h(r).
-1
Let f be 4/8*(-12)/(-3). Let y(w) = 0*w + f*w - 5 + 12 - w. Let o = 10 - 14. Calculate y(o).
3
Let j(x) be the third derivative of -x**5/60 - x**4/4 - 2*x**3/3 - 4*x**2. Let o be j(-5). Let i(y) = -4*y**2 + 2*y - 1. What is i(o)?
-3
Let p(s) = -s**3 + 2*s**2 + 2*s + 4. Let x be p(3). Let h(d) = -d + 2. What is h(x)?
1
Let y = 12 - -8. Let o be 1/2 - y/(-8). Let x(h) = 0*h**o + 2*h**3 + 5*h**3 - h + h**2. Give x(1).
7
Suppose -3*c + 4*c - 2 = 0. Let b(f) = -3 - 3*f**2 - 3*f + 3*f**c + f**2. Give b(5).
7
Let r(v) = v**2 - v + 1. Let a(b) = b**2 + 5*b - b - 5*b + 3. Let j be 0 + 2 - (-4)/(-2). Let s be a(j). What is r(s)?
7
Let v(s) = -27 + s + 1 + 15. Suppose 3*c = 2 + 1. Let z be (2/2)/(c/5). What is v(z)?
-6
Let o(a) = 9 - 15 + 4*a + 2. Give o(4).
12
Let f(m) be the first derivative of 2*m**3/3 + 3*m**2 + 6*m + 23. Give f(-4).
14
Suppose -3*q = -q - l - 8, -l = -4*q + 16. Let n = -3 + q. Let c(h) = -h - 3*h + 3*h - n. Give c(-5).
4
Let m(o) = -o**3 + 3*o**2 + o + 2. Let i = 6 - 12. Let p(j) = -j - 3. Let f be p(i). Determine m(f).
5
Suppose 11 = 4*l - 9. Let j(p) = 4*p**3 - 6*p**2 + 7*p. Let x(w) = -7*w**3 + 12*w**2 - 13*w - 1. Let z(m) = 5*j(m) + 3*x(m). Calculate z(l).
2
Let y(s) = -s. Suppose w = 1, -w + 4 = 5*u - 2*w. Let i = 3 + -7. Let h = u + i. Determine y(h).
3
Let r(s) = s + 7. Let o be r(-7). Suppose o*y - 3*y = -6. Let p(j) = y - 3 + j + 8. Determine p(0).
7
Let b = 8 - 8. Let r(q) be the third derivative of -q**5/60 + q**4/24 - q**3/3 - 2*q**2. Calculate r(b).
-2
Let n(d) be the third derivative of d**4/24 - 2*d**3/3 - 8*d**2. Suppose 0 = 2*c - 1 + 7. Give n(c).
-7
Let g(a) = -a - 2. Let b(d) = d**3 - 3*d**2 - d + 3. Let u be b(3). Suppose u*k - 2*k + 16 = 0. Let w(f) = f**2 - 7*f - 5. Let s be w(k). What is g(s)?
-5
Let w be -3 - (10 - 3)*-1. Suppose -w*c = c - 25. Let j(f) = -5*f + 3. Let g(u) = -4*u + 3. Let s(t) = -3*g(t) + 2*j(t). What is s(c)?
7
Let a(k) = -k**3 - 7*k**2 - k - 5. Let b(y) = -y**2 - y - 7. Let t be b(0). Calculate a(t).
2
Suppose 4*l = 2*o - 6, 2*l + 0 = -5*o + 3. Let f(j) = -7*j**3 + j + 1. Give f(l).
7
Let z(m) = 4*m**3 - 2*m**2 - 2*m - 1. Suppose -5*p + 5 + 13 = 4*u, 2*u - 3*p = 20. Let l = u + -8. Give z(l).
-5
Let w(o) = -o - 8. Let u be w(-4). Let c be (21/u)/1*-4. Let f be (-5)/(-7) + 6/c. Let j(x) = 10*x**2 - 2*x + 1. Determine j(f).
9
Let r(a) = -6*a**2 + 5*a - 4. Let k(y) = -5*y**2 + 4*y - 3. Let i(w) = -7*k(w) + 6*r(w). Suppose -2*d = 3*d - 10. Give i(d).
-3
Let n(m) = m**2 + m - 1. Let u(d) = -13*d**2 + 1. Suppose -4*j + j = -6. Let p(a) = j*n(a) + u(a). What is p(1)?
-10
Let t be (2/3)/((-1)/3). Let p(z) = 0*z - 2 - 81*z**2 - z**3 + 78*z**2 - 2*z. Calculate p(t).
-2
Let o(r) = 2*r**3 - 7*r**2 + r + 1. Let u = -2 - -7. Let h(c) = -c**3 + 6*c**2 - c - 1. Let x(j) = u*o(j) + 6*h(j). Let g be 4*4/(16/(-1)). Calculate x(g).
-3
Let p(x) = -x**3 - 6*x**2 - 6*x - 2. Let m be p(-5). Suppose -7 = -m*c - 2*u - 26, -13 = 3*c - u. Let o(j) = -j**3 - 5*j**2 + j + 2. What is o(c)?
-3
Suppose 24 = -p + 5*p. Let f be 2*(2 + (-3)/p). Let m(h) = -1 + 3 - 4*h + h**2 + 1. What is m(f)?
0
Suppose 0*z - 2*z = -4. Let j(p) = -p + 0*p - 2 + 3*p + 2*p + p**z. Calculate j(-6).
10
Let q(f) = -f**3 + 7*f**2 - 7*f + 4. Let z(w) = 4*w - 3. Let o be z(2). Suppose -o*l = -l - 24. Let j be q(l). Let x(b) = -b**2 - b - 1. Calculate x(j).
-3
Let s(q) be the third derivative of -1/12*q**4 - 1/6*q**3 + 0 + 0*q + 1/60*q**5 + q**2 - 1/360*q**6. Let c(a) be the first derivative of s(a). Calculate c(2).
-2
Let i(u) = -2*u. Suppose -3*m = -2*m - 9. Let z be (-2)/m - 102/27. Determine i(z).
8
Let o(n) be the third derivative of n**6/120 - n**5/12 + n**4/8 - n**3/2 + n**2. Suppose f - 2 = 2. Suppose 8 = -2*u + f*u. Determine o(u).
-7
Let m(j) be the first derivative of -j**4/4 - 8*j**3/3 - j**2/2 - 9*j + 9. Calculate m(-8).
-1
Let v(g) = 2*g - 4. Let r = 15 + -10. Suppose -r*s + 4*y - 1 = -0*y, -4*s - y = -16. Determine v(s